- d - 7. Let b = 39 + -36. Let j be r(b). Let n(k) be the first derivative of -k**2/2 - 2*k - 1. Give n(j).
-1
Let g = 32 + -20. Let i(x) = 0 + 11*x + 11*x**2 + 1 - x**3 + 0 + 5. What is i(g)?
-6
Let h = -655 + 655. Let f(d) = -d**2 - d + 32. Determine f(h).
32
Let q(i) = -3*i**3 - 12*i**2 + 2*i. Let o(b) = 2*b**3 + 8*b**2 - b. Let d = 16 + -8. Let w(u) = d*o(u) + 5*q(u). Give w(-4).
-8
Let c(g) = -18*g + 63. Let q be c(4). Let u(a) = a**3 + 9*a**2 + a - 11. What is u(q)?
-20
Let c be (224/70)/(10/(-25)). Let y(v) = -v - 14. What is y(c)?
-6
Let z(h) = -h**3 + 4*h**2 + 4*h + 3. Let g(q) = q + 11. Let c be g(-6). Determine z(c).
-2
Let k be 27/(-6)*8/12. Let q(m) = -2*m**2 - 3*m + 2. What is q(k)?
-7
Let h(p) = p**3 + 9*p**2 + 12*p + 7. Let m = 38 - 46. Give h(m).
-25
Suppose -3*t = n + 7, -2 = 2*t + 8. Let o(y) = y - 15. What is o(n)?
-7
Let z(t) = 3 + 7 + 4 - 18789*t + 18788*t. What is z(9)?
5
Let n(p) = p**2 + p - 1. Let a(z) = z**2. Let f(o) = -4*a(o) + n(o). Let s = 18 + -17. Calculate f(s).
-3
Let h(u) = u + 5. Suppose -28*o = -20*o - 96. Let m be 6/o*5/((-10)/16). What is h(m)?
1
Let t = -288 + 284. Let i(m) = m**3 + 2*m**2 - 5*m + 1. What is i(t)?
-11
Let h(p) be the third derivative of -p**4/3 + 2*p**3/3 + p**2 + 7*p. Calculate h(6).
-44
Let r(p) = 2*p**2 + 5*p - 4. Let n(m) = m**2 + 21*m - 50. Let c be n(-23). Calculate r(c).
8
Let w(m) = m + 40. Let d = 659 - 659. Calculate w(d).
40
Let w(f) = -4*f + 32. Let q be w(0). Let x(y) = -q*y - 25*y + 56*y. Give x(3).
-3
Let x(v) = 8*v + v - 5*v - 1 - 3*v. Let a(d) = 4*d + 3. Let r(n) = a(n) - 5*x(n). Calculate r(6).
2
Let m(n) = n**3 + 5*n**2 + 3*n + 2. Let q be m(-4). Let d(p) be the second derivative of p**4/12 - p**3/2 + 5*p**2/2 - 763*p + 2. Calculate d(q).
23
Let p(i) = i**3 + 5*i**2 - 2*i. Let y be ((-10)/(-4))/(78/(-12) + 6). Give p(y).
10
Let a(v) be the first derivative of -11*v**7/840 - v**6/360 - v**5/120 + 8*v**3/3 - 3. Let p(b) be the third derivative of a(b). Determine p(-1).
11
Let z(l) = -2*l**2 + l + 1. Let t be -2*(85 - (-3 + 5))/(-2). Let b = -84 + t. Give z(b).
-2
Let d(r) = 15*r - 1. Let y(o) = 34*o - 3. Let i(f) = 9*d(f) - 4*y(f). Suppose -n = -b + 3*b - 40, 0 = b + 4*n - 6. Let g be 150/b - 2/(-11). What is i(g)?
-4
Suppose -u = 2*s - 12, -4 = s - 2*u - 0*u. Let t(a) = a - a - a - 16 + s*a. Let q(c) = c - 8. Let z(f) = 5*q(f) - 2*t(f). Calculate z(-6).
-2
Let r(o) = -o + 2. Let a(y) = y + 9. Let n(u) = 3*u + 27. Let f(z) = -8*a(z) + 3*n(z). Let h be f(-5). Give r(h).
-2
Let u(l) = l + 2. Let q be (-24)/14*(-140)/(-30). Calculate u(q).
-6
Suppose 5*y + 15*n + 52 = 13*n, 4*n - 16 = 5*y. Let s(c) = -3*c**3 - 6*c**2 - 2*c**2 + 2*c**3 + c + 5. Calculate s(y).
-3
Let v(c) = -48 + 98 + c - 42. Let p be 2*(-2)/2 + 7. Suppose -4*t - 34 = p*h - 0*t, 5 = -5*t. Calculate v(h).
2
Let n be (13/3 + -4)*6. Let a(s) = -3*s**2 + 3*s**n + 20*s - s**2 - 18*s + 3. Determine a(-2).
-5
Let n(y) = -y**3 - 8*y**2 - 6*y - 2. Let u = 19 - 27. Let a = -15 - u. Calculate n(a).
-9
Let i(q) = 5*q**2 - 2*q + 6. Let y(g) = g - 2. Let v(h) = -i(h) - 3*y(h). Give v(1).
-6
Let h(y) = 2*y - 117 + 117. Let s = -89 + 152. Let l be (-1)/(-2) + s/(-14). What is h(l)?
-8
Suppose 3 + 30 = 3*u. Suppose u*a + 40 = 6*a. Let w(x) = x + 4. What is w(a)?
-4
Let r = 12 + -10. Let q(u) = -2 - r*u + 5 + 3 - 2. Give q(3).
-2
Let u(r) = -5*r**2 - 12*r. Let c(w) = w**2 + w + 1. Let t(a) = 4*c(a) + u(a). Determine t(-10).
-16
Let m(d) = d**3 - 32*d**2 + 85*d + 62. Let p be m(29). Let v = -1 - -2. Let t(c) = 4*c - c**2 - 2 - v + 8. Give t(p).
5
Let d(a) = -a - 10. Let j be ((-8)/(-12))/((-6)/(-81)). Suppose -39 = -j*l - 120. Calculate d(l).
-1
Suppose -19*v - 24 = 90. Let x(p) = p**3 + 7*p**2 + 6*p + 8. Let l(y) = y**3 + 7*y**2 + 6*y + 7. Let u(d) = 5*l(d) - 4*x(d). Determine u(v).
3
Let v(q) = 17*q**2 - 327*q + 327*q. Suppose 4*k = 2*k - 2. Give v(k).
17
Suppose 361*c + 12 = 363*c. Let o(t) = 0*t - t + 3*t. What is o(c)?
12
Suppose 9 = -i + 4*i, -2*z - i + 3 = 0. Let w(r) = r + 7. Let l(m) = 2*m + 13. Let k(a) = 4*l(a) - 7*w(a). Determine k(z).
3
Suppose -13 = -0*n - n + 3*r, -r - 3 = 0. Let v(u) = -5 - 3*u - 2*u + n*u. Let l be (-3 - (-5)/(-15))/((-16)/(-24)). What is v(l)?
0
Let z(d) = d**3 - 2*d + 2. Let o be z(0). Let r(p) = 3 - 3*p - 7 + 4*p**2 - 3*p**o. Let v(s) = 2*s**2 - 4*s + 3. Let w be v(2). What is r(w)?
-4
Let d(i) be the third derivative of -19*i**5/60 + 5*i**3/6 - 11*i**2. Let l(a) = -180*a**2 + 48. Let v(u) = 48*d(u) - 5*l(u). Calculate v(1).
-12
Let k(a) = 2*a**3 + 16*a**2 + 4*a + 6. Let s(w) = w**3 + 16*w**2 + 8*w + 4. Let r(b) = -2*k(b) + 3*s(b). Calculate r(17).
-17
Let b(i) = i**2 + 1 + 4*i - 9 + 4. Let r be 3 + 34*3/6. Suppose r + 0 = -4*v. What is b(v)?
1
Suppose 0 = -5*y - 83 - 2. Let u = y - -22. Suppose 0 = u*p - 8 - 12. Let k(c) = c**3 - 3*c**2 - 4*c + 6. Calculate k(p).
6
Suppose -1 = 2*b - 3. Suppose 5*s = 3*l + b, -4*l + s + 10 = -0*s. Let i(d) be the second derivative of -d**4/12 + d**3/3 - 8*d. Determine i(l).
-3
Let u(a) be the first derivative of a**2/2 + 3*a - 3. Let g(x) = 2*x**3 - 28*x**2 - 62*x - 37. Let q be g(16). Determine u(q).
-2
Let z(s) = s**2 - 6*s + 6. Let m(a) = a**2 - 23*a - 23. Let p be m(24). Let i be (75/(-45))/(0 + p/(-3)). Determine z(i).
1
Let f(j) = -5*j - 10 - 1 + 13 - 3 - j**2. Determine f(-4).
3
Let w(u) be the second derivative of 0 - 1/2*u**2 + 1/2*u**3 + 18*u. Determine w(-2).
-7
Let a(z) = 9 + z + 0*z - 13 - 14 + z**2 - 10*z. Give a(11).
4
Let s(k) = -k**2 + 4*k - 6. Let b be 1/(-1) - (-10)/2. Let x = -15 - -15. Suppose b = g - x*g. What is s(g)?
-6
Let i be 6 + -3 + -1 + 1. Suppose -i*a - 5*h + 29 = 0, 3 + 1 = h. Suppose 5*n - a*n = 0. Let p(x) = -x**2 + x + 1. Determine p(n).
1
Let c(k) = k**3 - 21*k**2 + 112*k - 23. Let z be c(10). Suppose 0 = 3*p - 3, -i - 5*p = i - 5. Let a(t) = 0*t**2 + t**2 + i - 2 + 2*t. What is a(z)?
1
Suppose 0 = -g - 5*x + 26, -x + 8 = g + 2. Let f(h) = 27*h - 1. Calculate f(g).
26
Let m(k) = -k**2 - 7*k + 11. Let b = 22 - 20. Let j(d) = -d**2 + 1. Let w(p) = b*j(p) - m(p). What is w(6)?
-3
Let c(b) = 16*b - 6 - 8*b - 9*b + 3. Calculate c(0).
-3
Let c(n) = -n - 12. Let r be (-51 - -52) + (-6)/((-2)/(-1)). Let i be r/6 - (-204)/(-36). Calculate c(i).
-6
Let c(r) be the third derivative of r**6/120 - r**5/10 + r**3 - 243*r**2. Give c(4).
-26
Let l(z) = z + 1. Let v be l(-3). Let p be 4/(-10) - (-2)/5. Let q = v + p. Let t(b) = b**2 - 2*b - 3. Calculate t(q).
5
Let p(y) = y**2 - y + 1. Suppose -4 = 4*r - 6*r. Suppose 16 = 4*o - 5*c, -4*o - r*c = -9 - 7. Let g be o/(-3)*(-6)/(-4). Calculate p(g).
7
Let w(l) be the second derivative of l**5/20 - l**4/12 - l**3/2 + 5*l. Let t(k) = -k**3 + 5*k + 5. Let j be t(-2). Give w(j).
9
Let j(u) = -u + 1. Let b(p) be the third derivative of p**6/120 - p**5/15 - p**4/6 - 13*p**2. Let n be b(5). Calculate j(n).
-4
Let z(o) = -2*o**2 + 3*o**3 - 4*o**3 - 25*o - 1 + 26*o. Suppose -6*y = -4*y - 2. Suppose -3*x + 2*x + 11 = -4*b, y = -2*b - x. What is z(b)?
-3
Suppose -3*v = 2*l - 3, 2*l - 12*v + 8*v = -4. Let j(t) = -t**3 + t**2 + t + 8. Calculate j(l).
8
Let o(t) be the first derivative of -t**4/4 - 17*t**3/3 - 7*t**2 + 41*t - 757. Give o(-16).
9
Let p(l) be the second derivative of l**4/12 - 2*l**3/3 + l. Let k(j) = j**2 + 7*j + 4. Let t be k(-6). Let o be (1 + (-1)/t)/(39/52). Give p(o).
-4
Let k(r) be the first derivative of 3*r**4/2 - r**2 + r - 1. Suppose 0 = -3*c - 66 + 69. Let b be k(c). Let u(p) = -p**3 + 5*p**2 - p - 3. Calculate u(b).
-8
Let p(m) = -4*m - 7. Let y = 256 - 261. What is p(y)?
13
Let k = -1123 - -1123. Let s(i) = -6*i**3 - 4*i**2 + i - 4. Let c(r) = -r**3 - r**2. Let y(b) = 5*c(b) - s(b). What is y(k)?
4
Suppose -189 = 301*z - 274*z. Let p(l) be the first derivative of -l**3/3 - 3*l**2 + 2*l + 1. Give p(z).
-5
Let l be -2 + (1 - 0) - -3. Suppose 5*q - 3*w - 5 = 0, -2*w + 2 + 0 = 2*q. Let s(j) = -1 + q - 1 + 3*j - 2. Calculate s(l).
3
Let j(c) be the first derivative of c**4/4 + 5*c**3/3 + 3*c**2/2 + 4*c + 142. Calculate j(-4).
8
Suppose -h = -8*h + 28. Let w(k) be the second derivative of k**3/6 - 2*k**2 + 5*k. Calculate w(h).
0
Let d(w) be the third derivative of w**6/120 - 7*w**5/60 - 5*w**4/12 + 3*w**3/2 - 6*w**2 + w. Determine d(8).
-7
Let x(t) = -t**2 + t - 1. Let o(n) = 